46)/6. Let a(g) = -g**3 - 8*g**2 - 6*g + 3. What is a(t)?
-4
Let c = 20 + -38. Let r = -11 - c. Let w(f) = -r*f + 1 + f - 2*f**2 + f**2 + 0*f. What is w(-4)?
9
Let d = 4 + -1. Let b(a) = 1 - 4*a + 2 + 1 - d + a**2. Let h(x) = -x**2 + 3*x. Let n(l) = -4*b(l) - 3*h(l). Give n(3).
8
Let y(o) = o**2 + 9*o - 18. Let c be y(-11). Let l(g) = -4*g - 5. Give l(c).
-21
Let h(t) = 32*t**3 + 1. Let f be h(1). Suppose -3*c = 3*k - f, 7 = c + 3*k - 14. Let x be c/(-2) - (-6 + 5). Let g(z) = -2*z. Calculate g(x).
4
Suppose -r = 3*j - 19, 5*j = -2*r - 2*r + 41. Suppose 6*m = j*m - 2. Let o(g) = -7*g - 3. Give o(m).
11
Let c be -3 + 0 + (3 - -2). Let m(y) = -y**3 - 4*y + 7 - 5 + 39*y**c - 46*y**2. Give m(-6).
-10
Let w(f) = -5*f**3 - f**2 - 14*f - 1. Let a(z) = z**3 + z**2 + 2*z. Let o(i) = 6*a(i) + w(i). Give o(-5).
9
Let s(t) be the first derivative of -t**2/2 + 10*t + 137. Calculate s(3).
7
Let d(v) = -6*v**2 - v + 7. Let j(w) = -5*w**2 + 6. Let a(x) = 4*d(x) - 5*j(x). Suppose -2*n + 3*t = -0*t - 12, t = 0. Calculate a(n).
10
Let m(j) = 16*j**3 + 41*j**2 - 6*j - 6. Let w(x) = -3*x**3 - 8*x**2 + x + 1. Suppose -o + 5 = -2*r, 1 + 2 = 3*o. Let a(f) = r*m(f) - 11*w(f). Determine a(-6).
-5
Let u(m) = 5*m**2 - 25*m + 10. Let b(z) = -11*z**2 + 53*z - 22. Let x(p) = 4*b(p) + 9*u(p). Give x(12).
-10
Let j(s) = s**3 + 2*s**2 + 1. Let z(h) = -5*h**3 - 8*h**2 - h - 15. Let c(x) = 4*j(x) + z(x). Let r be 3/4 + 3/(-4). Determine c(r).
-11
Let c(s) = s**3 + 6*s**2 + s + 1. Let o be (-1036)/224 - 6/16. What is c(o)?
21
Let y(a) = -2*a. Let s(b) = 2*b + 4. Let q(f) = -5*s(f) - 6*y(f). Calculate q(13).
6
Suppose 90 + 126 = 4*g. Suppose 5*u = g - 24. Let k(s) = s**2 - 5*s - 7. Calculate k(u).
-1
Let d(s) = -6*s - 51. Let z(r) = 4*r + 46. Let j(a) = -4*d(a) - 5*z(a). Give j(5).
-6
Let x(b) = -b**2 - 6*b - 8. Suppose 0 = 5*f - 8*f + 81. Suppose -p - f = -7. Let j be (-16)/(-24) - p/(-3). Determine x(j).
-8
Let s(b) be the second derivative of b**3/6 + 3*b**2 - 7*b. Let r = 59 + -65. Give s(r).
0
Let r(m) = -m - 3. Let j be r(-8). Suppose -2*b = 5*w - 5, -4*b - 5 = -2*w + 7*w. Let i(g) = 2*g - w + 0*g + 0. Calculate i(j).
7
Let p(g) = -g**2 - 9*g - 6. Suppose -26*f + 71*f = -450. Determine p(f).
-16
Let y(p) = -2*p**2 - 6*p + 8. Let b(w) = -3*w**2 - 5*w + 9. Let j(k) = 3*b(k) - 4*y(k). Give j(8).
3
Let a = 4 + -4. Suppose -3*q + 5*q + 2 = a. Let s(w) = -11*w**2 + 2*w + 4. Let z(l) = -13*l**2 + 2*l + 5. Let c(r) = -4*s(r) + 3*z(r). What is c(q)?
6
Let d(h) = -h**3 + 9*h**2 - 8*h + 5. Let w be d(8). Suppose -2*q = 2*k, -3*q + k = -0*q - 16. Suppose -w*r + q*r = 0. Let m(s) = -s + 3. Calculate m(r).
3
Let m = -5 - -10. Let n = 31 - 21. Let j(t) = -19 + t + 6 + n. What is j(m)?
2
Let p(g) = -3*g + 2. Let b(v) be the second derivative of -5*v**3/6 + 3*v**2/2 + 12*v. Let i(a) = -5*b(a) + 8*p(a). Let o = 5 + -3. Determine i(o).
3
Suppose -38 = 5*g - 8. Let q(m) = -m - 7. Give q(g).
-1
Let g(q) = -6*q**2 + 2*q + 7. Let w(l) = 7*l**2 - 2*l - 8. Let d(y) = -6*g(y) - 5*w(y). Suppose 5*i = 35 + 20. Let o = 8 - i. Give d(o).
13
Let h(k) be the second derivative of -k**3/6 - 5*k**2 - 100*k. Determine h(-7).
-3
Let j(y) = -5*y**3 - 2*y**2 + y + 4. Let i be j(-1). Let q(t) = t - 1. Give q(i).
5
Let g(j) = 5*j**2 + 11*j - 51. Let w be g(6). Let x(v) = 9 + v**3 - 188*v - 1 - 9*v**2 + w*v. What is x(8)?
0
Let b(n) = -2*n + 29. Let x = 615 - 602. What is b(x)?
3
Let s(a) = 6*a - 31. Let n be s(6). Let k(d) be the third derivative of -8*d**2 + 1/8*d**4 + 0*d + 0 - 1/6*d**3 - 1/60*d**n. Calculate k(3).
-1
Let s(c) = 5*c**3 + 11*c**2 + 8*c + 14. Let f(b) = -4*b**3 - 10*b**2 - 7*b - 11. Let h(t) = -4*f(t) - 3*s(t). Give h(-6).
14
Suppose 3*b = -1126 + 1138. Let d(c) = -2*c**2 + c - 5. Calculate d(b).
-33
Let g(y) = -y**3 + 5*y**2 - 3*y - 1. Suppose -3 = -t - 1. Suppose -4*l + 2 = -b - 1, -3*b - 2*l = -33. Suppose -5*q + b = -t*q. Determine g(q).
8
Let q(h) = -h**2 + 8*h + 33. Let s be q(-3). Let f(u) = -u + 4. Calculate f(s).
4
Suppose 3*l - 4 = l. Let g(q) = -4*q**2 - q**3 + 0*q**3 - 7 - 7*q + 2*q**l - 4*q**2. Give g(-5).
3
Suppose 49*d - 6 = 190. Let n(t) = -t**3 + 4*t**2 + t + 1. Determine n(d).
5
Let j(y) = y**2 - y + 10 + y + 0*y + y**3. Give j(0).
10
Let h(x) = -x**3 + 3*x**2 - x. Let c be (1 + 2 - 3)*-1. Let w be 1/(-4) + 10/8. Suppose c = 2*k - 1 - w. Calculate h(k).
1
Let w(q) = -q**2 + 2*q + 4. Suppose -81*f = -97*f - 48. What is w(f)?
-11
Let m(h) = -h + 8. Suppose -14*j = 6*j - 60. Let z be (-6)/27 + 20/9. Suppose 0*k = -3*k + x + z, -j*x - 6 = 0. Calculate m(k).
8
Suppose 3*k = -2*k + 10. Suppose 13 = 3*v - k. Let p(j) = -j**3 + 6*j**2 - 5*j - 5. Calculate p(v).
-5
Suppose 0*t = 2*t + 14. Let p = 4 + t. Let c(a) = -3 - 1 + 4 - a - 3. What is c(p)?
0
Let r = 115 + -113. Let v(y) be the second derivative of 0 + 1/6*y**3 - 2*y + 0*y**r. Give v(3).
3
Let g(l) be the first derivative of l**4/4 + 2*l**3/3 + 2*l - 33. Let f(h) = h**3 + 6*h**2 - h - 8. Let n be f(-6). Let i = n - 0. Determine g(i).
2
Let a(t) = t - 38 + 74 - 36. Let f be a(6). Let w(n) = 4*n - n**2 - f - 10 - 4*n. Determine w(0).
-16
Let j(d) = -2*d**2 + 5*d + 6. Suppose -2*g = 2*h + 10, 0 = -2*g + 5*h - 0*h - 3. Give j(g).
-46
Let n(k) be the second derivative of -k**3/6 - 4*k**2 - 34*k. Determine n(-12).
4
Let i(v) = -v**3 - v**2 + 11. Suppose 3*n = 7*n. Let q be n*(1/(-14) - 4/(-7)). Determine i(q).
11
Suppose -3*i = 4*l - 14, 5*l - l = 4*i. Let w(v) = v - 3*v**l + 5*v**2 - 1 - 2. Determine w(-3).
12
Suppose 3*y - 33 = 4*n, 0 = -17*n + 14*n - 2*y - 29. Let u(v) = v**2 + 11*v - 8. Determine u(n).
-26
Let i(t) be the first derivative of t**2/2 - t - 1. Suppose 237*a - 245*a = 0. Calculate i(a).
-1
Suppose 25*d + 32 = 29*d + 4*y, -2*d + 19 = 5*y. Let b(z) be the first derivative of d + 11*z - 1/2*z**2. Give b(6).
5
Let v(r) = r**2 + 2*r - 42. Let c be 4 - (5 - 5)/(-3) - 12. Give v(c).
6
Let o be (-774)/(-22) + 42/(-231). Suppose -21*t = -16*t - o. Let a(z) = 13*z - 5*z + t - 1 - 7*z. Determine a(-6).
0
Let o = 57 - 54. Let u(b) be the first derivative of 1/3*b**3 + 6 + b + o*b**2. Determine u(-5).
-4
Let l(d) = 11*d**3 - d**3 - 1 - 9*d**3 - 3*d**2 - 2*d**3. Suppose t = -h - 2*t - 2, -4*t = 0. What is l(h)?
-5
Let w = 59 + -61. Let r(i) = -2*i**3 + 4*i**2 + 4*i + 3. Give r(w).
27
Let k(h) be the third derivative of -12*h**2 + 0*h + 1/15*h**5 - 2/3*h**3 + 0 - 1/120*h**6 + 7/24*h**4. Give k(5).
6
Suppose -4*s + 16 = 8. Let a(x) = -x**s + 2 + 0*x**2 + 10*x - 12*x. Determine a(-5).
-13
Let l(w) = -2*w**3 - 4*w**2 - 3*w. Let g(b) = -b**2 + 7*b + 58. Let j be g(-5). Calculate l(j).
6
Let v(r) be the second derivative of r**6/720 - r**5/60 + r**4 - 20*r. Let m(n) be the third derivative of v(n). What is m(5)?
3
Let f be (1 + -1)/(3 + -4). Let k(z) = -9*z**2 - z - 13. Let b(n) = 2*n**2 - 1. Let i(j) = 5*b(j) + k(j). What is i(f)?
-18
Let t(x) = x**3 - 5*x**2 - 6*x - 5. Let u(l) = l**3 - 5*l**2 + l - 2. Let w be u(5). Let r be w + -9*5/(-15). Calculate t(r).
-5
Let w(k) = -k + 3. Suppose 0 = -4*r - 14 - 14. Let p(x) = x**2 + x + 8. Let o(y) = 2*y**2 + 3*y + 16. Let b(d) = 6*o(d) - 11*p(d). Let a be b(r). Give w(a).
-5
Let c(q) = -q**2 + 4*q + 4. Let m be c(4). Let k = m - 2. Suppose j - 5*p - 16 = 0, 3*j - 10 = -2*p - k*p. Let i(v) = -v**2 + 6*v - 1. Give i(j).
-1
Let m(y) = 2 - 3*y + y + 3*y. Suppose -2*q = 3*q. Suppose -g + 8 = j, 3*j + j - g - 17 = q. Determine m(j).
7
Suppose 20*r + 55 = 25*r. Suppose -5*k = -r - 4. Let i(j) = j**3 - 4*j**2 + j + 3. Calculate i(k).
-3
Suppose 5*o - 2*l = -0*l - 13, 3*o + 4*l - 13 = 0. Let q(v) = 14*v + 3. Let t(n) = n + 1. Let c(m) = -q(m) + 4*t(m). Give c(o).
11
Let g be 23 - (-1)/((-2)/(-8)). Suppose y + g - 25 = 0. Let q(l) = 2*l**2 + 4*l + 3. Determine q(y).
3
Let l(b) = -b**3 - 5*b**2 - 4*b + 4. Let w(m) = -m**2 + m + 8. Let o(k) = -3*k - 3. Let v be o(0). Let u be w(v). Determine l(u).
4
Let s(u) = -21*u. Suppose -4*c - 1 = 7. Give s(c).
42
Let u(o) = 7*o + 1. Let q be 5/3 + ((-7)/(-3) - 3). Give u(q).
8
Suppose 0*p - 21 = -3*p. Suppose -2*f = -p*f. Suppose -2*a + f*a = 8. Let t(x) = x**2 + 4*x. Determine t(a).
0
Let w(k) = -2*k**2 + k + 1. Let j = 3 + -5. Let x = 71 - 73. Let i be (j - -2) + x/1. Calculate w(i).
-9
Let a(y) = -2*y**2 - y + 1. Let k be 3/6*(-24)/4. Let u be (-4)/k*54/36. Dete